{"id":11,"date":"2020-06-16T10:22:05","date_gmt":"2020-06-16T10:22:05","guid":{"rendered":"https:\/\/40anos.inesc.pt\/?page_id=11"},"modified":"2020-06-25T14:22:52","modified_gmt":"2020-06-25T14:22:52","slug":"inesc-40-anos","status":"publish","type":"page","link":"https:\/\/40anos.inesc.pt\/?page_id=11","title":{"rendered":""},"content":{"rendered":"\n<div class=\"wp-block-group\"><div class=\"wp-block-group__inner-container is-layout-flow wp-block-group-is-layout-flow\">\n<div class=\"wp-block-image\"><figure class=\"aligncenter size-large is-resized\"><img loading=\"lazy\" decoding=\"async\" src=\"https:\/\/40anos.inesc.pt\/wp-content\/uploads\/2020\/06\/Evento-INESC-40-anos_Tribolet.png\" alt=\"\" class=\"wp-image-119\" width=\"269\" height=\"269\" srcset=\"https:\/\/40anos.inesc.pt\/wp-content\/uploads\/2020\/06\/Evento-INESC-40-anos_Tribolet.png 626w, https:\/\/40anos.inesc.pt\/wp-content\/uploads\/2020\/06\/Evento-INESC-40-anos_Tribolet-300x300.png 300w, https:\/\/40anos.inesc.pt\/wp-content\/uploads\/2020\/06\/Evento-INESC-40-anos_Tribolet-150x150.png 150w\" sizes=\"auto, (max-width: 269px) 100vw, 269px\" \/><\/figure><\/div>\n<\/div><\/div>\n\n\n\n<p class=\"has-text-align-center\">Jos\u00e9 Tribolet<\/p>\n\n\n\n<p class=\"has-text-align-center\"><strong>40 ANOS DE CI\u00caNCIA E CONHECIMENTO<\/strong><\/p>\n\n\n\n<p class=\"has-text-align-center\"><strong>INESC 1980 \u00b7 2020<\/strong><\/p>\n\n\n\n<p class=\"has-text-color has-accent-color\"><span class=\"has-inline-color has-accent-color\">Celebrar os 40 anos do INESC \u00e9, em primeiro lugar, reconhecer publicamente a tremenda capacidade dos portugueses em construir futuro a partir do conhecimento, da ci\u00eancia e da tecnologia.<\/span><\/p>\n\n\n\n<p class=\"has-text-color has-accent-color\"><span class=\"has-inline-color has-accent-color\">Ao longo deste percurso, milhares de jovens estudantes desenvolveram as capacidades de investiga\u00e7\u00e3o e desenvolvimento na \u201cnovas tecnologias da informa\u00e7\u00e3o e da comunica\u00e7\u00e3o\u201d e impactaram de forma marcante o desenvolvimento do Pa\u00eds no decurso das suas carreiras como professores no ensino superior e universit\u00e1rio, como investigadores no sistema cient\u00edfico e tecnol\u00f3gico nacional e como profissionais qualificados que ativaram a moderniza\u00e7\u00e3o e a transforma\u00e7\u00e3o de sectores-chave da economia nacional, das telecomunica\u00e7\u00f5es \u00e0 energia, das industrias aos servi\u00e7os e \u00e0 administra\u00e7\u00e3o p\u00fablica, e como lideres na cria\u00e7\u00e3o de novas empresas de base tecnol\u00f3gica nacional, numa crescente din\u00e2mica de empreendedorismo militante fundamental para o nosso futuro coletivo.<\/span><\/p>\n\n\n\n<p class=\"has-text-color has-accent-color\">A todos eles eu presto a minha homenagem por terem sabido manter, desenvolver e modernizar com autonomia e independ\u00eancia o sistema INESC, o qual foi e continua a ser, em primeiro lugar, uma \u201cf\u00e1brica de capital humano com valor acrescentado\u201d, sinergeticamente ligado \u00e0s Institui\u00e7\u00f5es de Ensino Superior, complementado e estendendo o seu impacto na sociedade portuguesa.<\/p>\n\n\n\n<p class=\"has-text-color has-accent-color\">Muito devemos aos nossos Associados, que sempre nos deram espa\u00e7o de liberdade para sermos diferentes e aut\u00f3nomos, e nos apoiaram nos momentos mais dif\u00edceis.<\/p>\n\n\n\n<p class=\"has-text-color has-accent-color\">Uma palavra especial \u00e0s empresas industriais e de servi\u00e7os e \u00e0s entidades da administra\u00e7\u00e3o p\u00fablica que nos d\u00e3o oportunidades de lhes prestarmos servi\u00e7os e de desenvolvermos com eles projetos de valor acrescentado, baseados na ci\u00eancia e na tecnologia.<\/p>\n\n\n\n<p class=\"has-text-color has-accent-color\">Sem toda esta rede de pessoas e institui\u00e7\u00f5es, o INESC n\u00e3o teria significado, nem existiria hoje!<\/p>\n\n\n\n<p class=\"has-text-color has-accent-color\">A todos, o meu muito obrigado.<\/p>\n\n\n\n<!--nextpage-->\n\n\n\n<p><\/p>\n\n\n\n<p><\/p>\n","protected":false},"excerpt":{"rendered":"<p>Jos\u00e9 Tribolet 40 ANOS DE CI\u00caNCIA E CONHECIMENTO INESC 1980 \u00b7 2020 Celebrar os 40 anos do INESC \u00e9, em primeiro lugar, reconhecer publicamente a tremenda capacidade dos portugueses em construir futuro a partir do conhecimento, da ci\u00eancia e da tecnologia. Ao longo deste percurso, milhares de jovens estudantes desenvolveram [&hellip;]<\/p>\n","protected":false},"author":1,"featured_media":0,"parent":0,"menu_order":0,"comment_status":"closed","ping_status":"closed","template":"page-templates\/template-fullwidth.php","meta":{"om_disable_all_campaigns":false,"_monsterinsights_skip_tracking":false,"_monsterinsights_sitenote_active":false,"_monsterinsights_sitenote_note":"","_monsterinsights_sitenote_category":0,"_uf_show_specific_survey":0,"_uf_disable_surveys":false,"footnotes":""},"class_list":["post-11","page","type-page","status-publish","hentry"],"aioseo_notices":[],"_links":{"self":[{"href":"https:\/\/40anos.inesc.pt\/index.php?rest_route=\/wp\/v2\/pages\/11","targetHints":{"allow":["GET"]}}],"collection":[{"href":"https:\/\/40anos.inesc.pt\/index.php?rest_route=\/wp\/v2\/pages"}],"about":[{"href":"https:\/\/40anos.inesc.pt\/index.php?rest_route=\/wp\/v2\/types\/page"}],"author":[{"embeddable":true,"href":"https:\/\/40anos.inesc.pt\/index.php?rest_route=\/wp\/v2\/users\/1"}],"replies":[{"embeddable":true,"href":"https:\/\/40anos.inesc.pt\/index.php?rest_route=%2Fwp%2Fv2%2Fcomments&post=11"}],"version-history":[{"count":24,"href":"https:\/\/40anos.inesc.pt\/index.php?rest_route=\/wp\/v2\/pages\/11\/revisions"}],"predecessor-version":[{"id":474,"href":"https:\/\/40anos.inesc.pt\/index.php?rest_route=\/wp\/v2\/pages\/11\/revisions\/474"}],"wp:attachment":[{"href":"https:\/\/40anos.inesc.pt\/index.php?rest_route=%2Fwp%2Fv2%2Fmedia&parent=11"}],"curies":[{"name":"wp","href":"https:\/\/api.w.org\/{rel}","templated":true}]}}

<div class="wp-block-group"><div class="wp-block-group__inner-container is-layout-flow wp-block-group-is-layout-flow">
<div class="wp-block-image"><figure class="aligncenter size-large is-resized"><img loading="lazy" decoding="async" src="https://40anos.inesc.pt/wp-content/uploads/2020/06/Evento-INESC-40-anos_Tribolet.png" alt="" class="wp-image-119" width="269" height="269" srcset="https://40anos.inesc.pt/wp-content/uploads/2020/06/Evento-INESC-40-anos_Tribolet.png 626w, https://40anos.inesc.pt/wp-content/uploads/2020/06/Evento-INESC-40-anos_Tribolet-300x300.png 300w, https://40anos.inesc.pt/wp-content/uploads/2020/06/Evento-INESC-40-anos_Tribolet-150x150.png 150w" sizes="auto, (max-width: 269px) 100vw, 269px" /></figure></div>
</div></div>



<p class="has-text-align-center">José Tribolet</p>



<p class="has-text-align-center"><strong>40 ANOS DE CIÊNCIA E CONHECIMENTO</strong></p>



<p class="has-text-align-center"><strong>INESC 1980 · 2020</strong></p>



<p class="has-text-color has-accent-color"><span class="has-inline-color has-accent-color">Celebrar os 40 anos do INESC é, em primeiro lugar, reconhecer publicamente a tremenda capacidade dos portugueses em construir futuro a partir do conhecimento, da ciência e da tecnologia.</span></p>



<p class="has-text-color has-accent-color"><span class="has-inline-color has-accent-color">Ao longo deste percurso, milhares de jovens estudantes desenvolveram as capacidades de investigação e desenvolvimento na “novas tecnologias da informação e da comunicação” e impactaram de forma marcante o desenvolvimento do País no decurso das suas carreiras como professores no ensino superior e universitário, como investigadores no sistema científico e tecnológico nacional e como profissionais qualificados que ativaram a modernização e a transformação de sectores-chave da economia nacional, das telecomunicações à energia, das industrias aos serviços e à administração pública, e como lideres na criação de novas empresas de base tecnológica nacional, numa crescente dinâmica de empreendedorismo militante fundamental para o nosso futuro coletivo.</span></p>



<p class="has-text-color has-accent-color">A todos eles eu presto a minha homenagem por terem sabido manter, desenvolver e modernizar com autonomia e independência o sistema INESC, o qual foi e continua a ser, em primeiro lugar, uma “fábrica de capital humano com valor acrescentado”, sinergeticamente ligado às Instituições de Ensino Superior, complementado e estendendo o seu impacto na sociedade portuguesa.</p>



<p class="has-text-color has-accent-color">Muito devemos aos nossos Associados, que sempre nos deram espaço de liberdade para sermos diferentes e autónomos, e nos apoiaram nos momentos mais difíceis.</p>



<p class="has-text-color has-accent-color">Uma palavra especial às empresas industriais e de serviços e às entidades da administração pública que nos dão oportunidades de lhes prestarmos serviços e de desenvolvermos com eles projetos de valor acrescentado, baseados na ciência e na tecnologia.</p>



<p class="has-text-color has-accent-color">Sem toda esta rede de pessoas e instituições, o INESC não teria significado, nem existiria hoje!</p>



<p class="has-text-color has-accent-color">A todos, o meu muito obrigado.</p>



<!--nextpage-->



<p></p>



<p></p>

<p>José Tribolet 40 ANOS DE CIÊNCIA E CONHECIMENTO INESC 1980 · 2020 Celebrar os 40 anos do INESC é, em primeiro lugar, reconhecer publicamente a tremenda capacidade dos portugueses em construir futuro a partir do conhecimento, da ciência e da tecnologia. Ao longo deste percurso, milhares de jovens estudantes desenvolveram [&hellip;]</p>
