{"id":30,"date":"2020-06-16T13:04:11","date_gmt":"2020-06-16T13:04:11","guid":{"rendered":"https:\/\/40anos.inesc.pt\/?page_id=30"},"modified":"2020-10-13T09:36:41","modified_gmt":"2020-10-13T09:36:41","slug":"evento-coimbra","status":"publish","type":"page","link":"https:\/\/40anos.inesc.pt\/?page_id=30","title":{"rendered":""},"content":{"rendered":"\n<p class=\"has-black-color has-text-color\">Coimbra acolher\u00e1 a terceira sess\u00e3o comemorativa&nbsp;<strong>\u201c40 anos de Ci\u00eancia e Conhecimento: a rela\u00e7\u00e3o com o mundo acad\u00e9mico\u201d<\/strong>.<\/p>\n\n\n\n<p class=\"has-black-color has-text-color\">Esta sess\u00e3o ter\u00e1 lugar no dia <strong>23 de outubro<\/strong>, pelas<strong> 16 horas<\/strong>.<\/p>\n\n\n\n<p class=\"has-black-color has-text-color\"><strong>Esta sess\u00e3o vai decorrer com os oradores presentes em palco e os participantes a assistir online via Webinar do Zoom. Inscri\u00e7\u00f5es\u00a0<a href=\"https:\/\/40anos.inesc.pt\/?page_id=32\">aqui<\/a>.<\/strong><br><\/p>\n\n\n\n<p class=\"has-accent-color has-text-color\"><br><strong>Programa<\/strong><\/p>\n\n\n\n<p><\/p>\n\n\n\n<p><strong>Abertura:<\/strong> Carlos Henggeler Antunes, INESC-Coimbra<\/p>\n\n\n\n<p><strong>Keynote:<\/strong> Maria Manuel Leit\u00e3o Marques, Membro do Parlamento Europeu<\/p>\n\n\n\n<p><strong>Painel:<\/strong><br>Amilcar Falc\u00e3o, Reitor da Universidade de Coimbra<br>Ant\u00f3nio Cruz Serra, Reitor da Universidade de Lisboa<br>Ant\u00f3nio de Sousa Pereira, Reitor da Universidade do Porto<br>Rog\u00e9rio Cola\u00e7o, Presidente do Instituto Superior T\u00e9cnico<br><br><strong>Modera\u00e7\u00e3o:<\/strong> Jo\u00e3o Cara\u00e7a, Presidente do Conselho Geral da UC<\/p>\n\n\n\n<p><strong>Encerramento:<\/strong><br>Jos\u00e9 Tribolet, INESC<br>Manuel Heitor, Ministro da Ci\u00eancia, Tecnologia e Ensino Superior<\/p>\n\n\n\n<p class=\"has-accent-color has-text-color\"><br><strong>Oradores convidados<\/strong><\/p>\n\n\n\n<figure class=\"wp-block-image size-large\"><img loading=\"lazy\" decoding=\"async\" width=\"191\" height=\"191\" src=\"https:\/\/40anos.inesc.pt\/wp-content\/uploads\/2020\/07\/Evento-INESC-40-anos_Fotos-21-40.jpg\" alt=\"\" class=\"wp-image-687\" srcset=\"https:\/\/40anos.inesc.pt\/wp-content\/uploads\/2020\/07\/Evento-INESC-40-anos_Fotos-21-40.jpg 191w, https:\/\/40anos.inesc.pt\/wp-content\/uploads\/2020\/07\/Evento-INESC-40-anos_Fotos-21-40-150x150.jpg 150w\" sizes=\"auto, (max-width: 191px) 100vw, 191px\" \/><\/figure>\n\n\n\n<p><strong>Maria Manuel Leit\u00e3o Marques<\/strong><\/p>\n\n\n\n<p>Maria Manuel Leit\u00e3o Marques \u00e9 professora catedr\u00e1tica na Faculdade de Economia da Universidade de Coimbra, e foi eleita deputada europeia nas elei\u00e7\u00f5es europeias de 2019. \u00c9 atualmente Vice-Presidente da Comiss\u00e3o do Mercado Interno e Prote\u00e7\u00e3o do Consumidor, e membro efetivo das delega\u00e7\u00f5es \u00e0 Assembleia Parlamentar Euro-Latino-Americana e \u00e0 Assembleia Parlamentar Parit\u00e1ria ACP-UE. \u00c9 tamb\u00e9m membro substituto das Comiss\u00f5es para a Ind\u00fastria, Investiga\u00e7\u00e3o e Energia e para a Igualdade de G\u00e9nero e Direitos das Mulheres. Foi Ministra da Presid\u00eancia e da Moderniza\u00e7\u00e3o Administrativa entre 2015 e 2019, e Secret\u00e1ria de Estado da Moderniza\u00e7\u00e3o Administrativa entre 2007 e 2011.<\/p>\n\n\n\n<figure class=\"wp-block-image size-large\"><img loading=\"lazy\" decoding=\"async\" width=\"191\" height=\"191\" src=\"https:\/\/40anos.inesc.pt\/wp-content\/uploads\/2020\/07\/Evento-INESC-40-anos_Fotos-21-42-42.jpg\" alt=\"\" class=\"wp-image-693\" srcset=\"https:\/\/40anos.inesc.pt\/wp-content\/uploads\/2020\/07\/Evento-INESC-40-anos_Fotos-21-42-42.jpg 191w, https:\/\/40anos.inesc.pt\/wp-content\/uploads\/2020\/07\/Evento-INESC-40-anos_Fotos-21-42-42-150x150.jpg 150w\" sizes=\"auto, (max-width: 191px) 100vw, 191px\" \/><\/figure>\n\n\n\n<p><strong>Amilcar Falc\u00e3o<\/strong><\/p>\n\n\n\n<p>Am\u00edlcar Falc\u00e3o \u00e9 Licenciado em Ci\u00eancias Farmac\u00eauticas (1989), Doutorado (1995) e Agregado (2002) em Farm\u00e1cia (Especialidade de Farmacologia) pela Universidade de Coimbra, institui\u00e7\u00e3o na qual \u00e9 Professor Catedr\u00e1tico (2007). Foi Diretor da Faculdade de Farm\u00e1cia (2010-2012) e do Instituto de Investiga\u00e7\u00e3o Interdisciplinar (2013-2019). Foi Vice-Reitor da Universidade de Coimbra (2011-2019). \u00c9 Diretor T\u00e9cnico da empresa ICNAS Produ\u00e7\u00e3o (detida a 100% pela Universidade de Coimbra), tendo participado ativamente na obten\u00e7\u00e3o do primeiro medicamento radiofarmac\u00eautico desenvolvido e registado em Portugal. Atualmente \u00e9 Reitor da Universidade de Coimbra com mandato at\u00e9 2023.<\/p>\n\n\n\n<figure class=\"wp-block-image size-large\"><img loading=\"lazy\" decoding=\"async\" width=\"191\" height=\"191\" src=\"https:\/\/40anos.inesc.pt\/wp-content\/uploads\/2020\/07\/Evento-INESC-40-anos_Fotos-21-37.jpg\" alt=\"\" class=\"wp-image-688\" srcset=\"https:\/\/40anos.inesc.pt\/wp-content\/uploads\/2020\/07\/Evento-INESC-40-anos_Fotos-21-37.jpg 191w, https:\/\/40anos.inesc.pt\/wp-content\/uploads\/2020\/07\/Evento-INESC-40-anos_Fotos-21-37-150x150.jpg 150w\" sizes=\"auto, (max-width: 191px) 100vw, 191px\" \/><\/figure>\n\n\n\n<p><strong>Ant\u00f3nio de Sousa Pereira<\/strong><\/p>\n\n\n\n<p>Reitor da Universidade do Porto desde 2018, depois de 14 anos como diretor do Instituto de Ci\u00eancias Biom\u00e9dicas Abel Salazar, Ant\u00f3nio de Sousa Pereira dedicou toda a sua carreira \u00e0 pr\u00e1tica e ensino de Medicina. M\u00e9dico e Professor Catedr\u00e1tico de Anatomia, foi membro de diversos \u00f3rg\u00e3os nacionais e internacionais na \u00e1rea da Sa\u00fade, entre os quais o Conselho Nacional de \u00c9tica para as Ci\u00eancias da Vida, eleito pela Assembleia da Rep\u00fablica, tendo presidido ao Conselho Nacional de Ensino e Educa\u00e7\u00e3o M\u00e9dica da Ordem dos M\u00e9dicos.<\/p>\n\n\n\n<figure class=\"wp-block-image size-large\"><img loading=\"lazy\" decoding=\"async\" width=\"191\" height=\"191\" src=\"https:\/\/40anos.inesc.pt\/wp-content\/uploads\/2020\/07\/Evento-INESC-40-anos_Fotos-21-38.jpg\" alt=\"\" class=\"wp-image-689\" srcset=\"https:\/\/40anos.inesc.pt\/wp-content\/uploads\/2020\/07\/Evento-INESC-40-anos_Fotos-21-38.jpg 191w, https:\/\/40anos.inesc.pt\/wp-content\/uploads\/2020\/07\/Evento-INESC-40-anos_Fotos-21-38-150x150.jpg 150w\" sizes=\"auto, (max-width: 191px) 100vw, 191px\" \/><\/figure>\n\n\n\n<p><strong>Ant\u00f3nio Serra<\/strong><\/p>\n\n\n\n<p>Ant\u00f3nio da Cruz Serra licenciou-se em Engenharia Electrot\u00e9cnica pela FEUP, tendo-se doutorado na mesma \u00e1rea pelo Instituto Superior T\u00e9cnico, onde \u00e9 Professor Catedr\u00e1tico. Como investigador do Instituto de Telecomunica\u00e7\u00f5es e, antes disso, do IGC e do INIC, publicou mais de 220 artigos e comunica\u00e7\u00f5es. De 2006 a 2009, foi Presidente da&nbsp;&nbsp;International Measurement Confederation (IMEKO). \u00c9 Reitor da Universidade de Lisboa desde 2013, tendo sido Reitor da Universidade T\u00e9cnica de Lisboa entre 2012 e 2013 e Presidente do Instituto Superior T\u00e9cnico, entre 2009 e 2011. Foi Presidente do Conselho de Administra\u00e7\u00e3o da Taguspark S.A. e da Rede Cluster, uma associa\u00e7\u00e3o que integra&nbsp;12&nbsp;das melhores escolas e universidades europeias de ci\u00eancia e tecnologia.<\/p>\n\n\n\n<figure class=\"wp-block-image size-large\"><img loading=\"lazy\" decoding=\"async\" width=\"191\" height=\"191\" src=\"https:\/\/40anos.inesc.pt\/wp-content\/uploads\/2020\/07\/Evento-INESC-40-anos_Fotos-21-39.jpg\" alt=\"\" class=\"wp-image-690\" srcset=\"https:\/\/40anos.inesc.pt\/wp-content\/uploads\/2020\/07\/Evento-INESC-40-anos_Fotos-21-39.jpg 191w, https:\/\/40anos.inesc.pt\/wp-content\/uploads\/2020\/07\/Evento-INESC-40-anos_Fotos-21-39-150x150.jpg 150w\" sizes=\"auto, (max-width: 191px) 100vw, 191px\" \/><\/figure>\n\n\n\n<p><strong>Jo\u00e3o Cara\u00e7a<\/strong><\/p>\n\n\n\n<p>Jo\u00e3o Manuel Gaspar Cara\u00e7a \u00e9 licenciado em Engenharia Eletrot\u00e9cnica pelo&nbsp;IST&nbsp;de Lisboa (1968), doutorado em F\u00edsica Nuclear pela Universidade de Oxford (1973) e Agregado em F\u00edsica pela Faculdade de Ci\u00eancias da Universidade de Lisboa (1974). Foi Diretor do Servi\u00e7o de Ci\u00eancia at\u00e9 2011 e Diretor da Delega\u00e7\u00e3o em Fran\u00e7a da Funda\u00e7\u00e3o Calouste Gulbenkian de 2012 a 2016. Professor Catedr\u00e1tico Convidado do&nbsp;ISEG&nbsp;da Universidade de Lisboa. Consultor para a Ci\u00eancia do Presidente da Rep\u00fablica Jorge Sampaio de 1996 a 2006. Comiss\u00e1rio-Geral da Carta Estrat\u00e9gica de Lisboa (2009). Membro do Governing Board do EIT (Instituto Europeu de Inova\u00e7\u00e3o e Tecnologia) de 2008 a 2012. Foi Presidente do Conselho Consultivo da COTEC. \u00c9 Comendador da Ordem Militar de Sant&#8217;Iago da Espada e Gr\u00e3-Cruz da Ordem do Infante D. Henrique. Atualmente exerce as fun\u00e7\u00f5es de Presidente do Conselho Geral da Universidade de Coimbra desde mar\u00e7o de 2017.<\/p>\n\n\n\n<figure class=\"wp-block-image size-large\"><img loading=\"lazy\" decoding=\"async\" width=\"191\" height=\"191\" src=\"https:\/\/40anos.inesc.pt\/wp-content\/uploads\/2020\/07\/Evento-INESC-40-anos_Fotos-21-41.jpg\" alt=\"\" class=\"wp-image-691\" srcset=\"https:\/\/40anos.inesc.pt\/wp-content\/uploads\/2020\/07\/Evento-INESC-40-anos_Fotos-21-41.jpg 191w, https:\/\/40anos.inesc.pt\/wp-content\/uploads\/2020\/07\/Evento-INESC-40-anos_Fotos-21-41-150x150.jpg 150w\" sizes=\"auto, (max-width: 191px) 100vw, 191px\" \/><\/figure>\n\n\n\n<p><strong>Rog\u00e9rio Cola\u00e7o<\/strong><\/p>\n\n\n\n<p>Rog\u00e9rio Cola\u00e7o \u00e9&nbsp;licenciado e doutorado em&nbsp;Engenharia de&nbsp;Materiais. \u00c9 autor de mais de uma centena de artigos&nbsp;cient\u00edficos, de v\u00e1rias patentes e cap\u00edtulos de livros, em \u00e1reas t\u00e3o diversas como biomateriais, nanotecnologias, tratamentos por laser, materiais de constru\u00e7\u00e3o de menor impacto ambiental. Em 2007 fundou o Nanolab \u2013 Nanostructured Materials and Nanotechnologies Laboratory. \u00c9 atualmente professor catedr\u00e1tico, investigador do Instituto de Engenharia Mec\u00e2nica e Presidente do Instituto Superior T\u00e9cnico.<\/p>\n","protected":false},"excerpt":{"rendered":"<p>Coimbra acolher\u00e1 a terceira sess\u00e3o comemorativa&nbsp;\u201c40 anos de Ci\u00eancia e Conhecimento: a rela\u00e7\u00e3o com o mundo acad\u00e9mico\u201d. Esta sess\u00e3o ter\u00e1 lugar no dia 23 de outubro, pelas 16 horas. Esta sess\u00e3o vai decorrer com os oradores presentes em palco e os participantes a assistir online via Webinar do Zoom. Inscri\u00e7\u00f5es\u00a0aqui. [&hellip;]<\/p>\n","protected":false},"author":1,"featured_media":0,"parent":0,"menu_order":0,"comment_status":"closed","ping_status":"closed","template":"","meta":{"om_disable_all_campaigns":false,"_monsterinsights_skip_tracking":false,"_monsterinsights_sitenote_active":false,"_monsterinsights_sitenote_note":"","_monsterinsights_sitenote_category":0,"_uf_show_specific_survey":0,"_uf_disable_surveys":false,"footnotes":""},"class_list":["post-30","page","type-page","status-publish","hentry"],"aioseo_notices":[],"_links":{"self":[{"href":"https:\/\/40anos.inesc.pt\/index.php?rest_route=\/wp\/v2\/pages\/30","targetHints":{"allow":["GET"]}}],"collection":[{"href":"https:\/\/40anos.inesc.pt\/index.php?rest_route=\/wp\/v2\/pages"}],"about":[{"href":"https:\/\/40anos.inesc.pt\/index.php?rest_route=\/wp\/v2\/types\/page"}],"author":[{"embeddable":true,"href":"https:\/\/40anos.inesc.pt\/index.php?rest_route=\/wp\/v2\/users\/1"}],"replies":[{"embeddable":true,"href":"https:\/\/40anos.inesc.pt\/index.php?rest_route=%2Fwp%2Fv2%2Fcomments&post=30"}],"version-history":[{"count":16,"href":"https:\/\/40anos.inesc.pt\/index.php?rest_route=\/wp\/v2\/pages\/30\/revisions"}],"predecessor-version":[{"id":785,"href":"https:\/\/40anos.inesc.pt\/index.php?rest_route=\/wp\/v2\/pages\/30\/revisions\/785"}],"wp:attachment":[{"href":"https:\/\/40anos.inesc.pt\/index.php?rest_route=%2Fwp%2Fv2%2Fmedia&parent=30"}],"curies":[{"name":"wp","href":"https:\/\/api.w.org\/{rel}","templated":true}]}}