{"id":32,"date":"2020-06-16T13:04:42","date_gmt":"2020-06-16T13:04:42","guid":{"rendered":"https:\/\/40anos.inesc.pt\/?page_id=32"},"modified":"2020-10-19T10:21:29","modified_gmt":"2020-10-19T10:21:29","slug":"inscricoes","status":"publish","type":"page","link":"https:\/\/40anos.inesc.pt\/?page_id=32","title":{"rendered":""},"content":{"rendered":"\n<p class=\"has-accent-color has-text-color\">Webinar&nbsp;<strong><strong>&#8220;<\/strong>&nbsp;<strong><strong>40 anos de Ci\u00eancia e Conhecimento: a rela\u00e7\u00e3o com o mundo acad\u00e9mico\u201d<\/strong><\/strong><\/strong>&nbsp;|&nbsp;Coimbra<\/p>\n\n\n\n<p class=\"has-accent-color has-text-color\">Dia 23 de outubro, 16:00*<\/p>\n\n\n\n<p class=\"has-accent-color has-text-color\">*A sess\u00e3o de Coimbra foi adiada para data a anunciar, face \u00e0 situa\u00e7\u00e3o mais recente de propaga\u00e7\u00e3o da Covid-19 e \u00e0 Resolu\u00e7\u00e3o do Conselho de Ministros.<\/p>\n","protected":false},"excerpt":{"rendered":"<p>Webinar&nbsp;&#8220;&nbsp;40 anos de Ci\u00eancia e Conhecimento: a rela\u00e7\u00e3o com o mundo acad\u00e9mico\u201d&nbsp;|&nbsp;Coimbra Dia 23 de outubro, 16:00* *A sess\u00e3o de Coimbra foi adiada para data a anunciar, face \u00e0 situa\u00e7\u00e3o mais recente de propaga\u00e7\u00e3o da Covid-19 e \u00e0 Resolu\u00e7\u00e3o do Conselho de Ministros.<\/p>\n","protected":false},"author":1,"featured_media":0,"parent":0,"menu_order":0,"comment_status":"closed","ping_status":"closed","template":"","meta":{"om_disable_all_campaigns":false,"_monsterinsights_skip_tracking":false,"_monsterinsights_sitenote_active":false,"_monsterinsights_sitenote_note":"","_monsterinsights_sitenote_category":0,"_uf_show_specific_survey":0,"_uf_disable_surveys":false,"footnotes":""},"class_list":["post-32","page","type-page","status-publish","hentry"],"aioseo_notices":[],"_links":{"self":[{"href":"https:\/\/40anos.inesc.pt\/index.php?rest_route=\/wp\/v2\/pages\/32","targetHints":{"allow":["GET"]}}],"collection":[{"href":"https:\/\/40anos.inesc.pt\/index.php?rest_route=\/wp\/v2\/pages"}],"about":[{"href":"https:\/\/40anos.inesc.pt\/index.php?rest_route=\/wp\/v2\/types\/page"}],"author":[{"embeddable":true,"href":"https:\/\/40anos.inesc.pt\/index.php?rest_route=\/wp\/v2\/users\/1"}],"replies":[{"embeddable":true,"href":"https:\/\/40anos.inesc.pt\/index.php?rest_route=%2Fwp%2Fv2%2Fcomments&post=32"}],"version-history":[{"count":22,"href":"https:\/\/40anos.inesc.pt\/index.php?rest_route=\/wp\/v2\/pages\/32\/revisions"}],"predecessor-version":[{"id":891,"href":"https:\/\/40anos.inesc.pt\/index.php?rest_route=\/wp\/v2\/pages\/32\/revisions\/891"}],"wp:attachment":[{"href":"https:\/\/40anos.inesc.pt\/index.php?rest_route=%2Fwp%2Fv2%2Fmedia&parent=32"}],"curies":[{"name":"wp","href":"https:\/\/api.w.org\/{rel}","templated":true}]}}

<p class="has-accent-color has-text-color">Webinar&nbsp;<strong><strong>&#8220;</strong>&nbsp;<strong><strong>40 anos de Ciência e Conhecimento: a relação com o mundo académico”</strong></strong></strong>&nbsp;|&nbsp;Coimbra</p>



<p class="has-accent-color has-text-color">Dia 23 de outubro, 16:00*</p>



<p class="has-accent-color has-text-color">*A sessão de Coimbra foi adiada para data a anunciar, face à situação mais recente de propagação da Covid-19 e à Resolução do Conselho de Ministros.</p>

<p>Webinar&nbsp;&#8220;&nbsp;40 anos de Ciência e Conhecimento: a relação com o mundo académico”&nbsp;|&nbsp;Coimbra Dia 23 de outubro, 16:00* *A sessão de Coimbra foi adiada para data a anunciar, face à situação mais recente de propagação da Covid-19 e à Resolução do Conselho de Ministros.</p>
